 2*o + t - 6. Suppose 0 = h - 4*u + 14, 8 = -4*h - u + o*u. List the prime factors of h.
2
Suppose -r + 936 = 2*h + 63, 4*h - 867 = -r. What are the prime factors of r?
3, 293
Suppose 10*u - 5*u + 145 = 0. Let j = 35 + u. What are the prime factors of 6*(-1)/(j/(-20))?
2, 5
Let v(i) = -2*i - 11. Let w be v(-7). What are the prime factors of (2/w)/((-4)/(-414))?
3, 23
Let f = -102 + 101. List the prime factors of 0 - (3 - (-266)/f).
263
Let u = -74 - -79. Suppose -u*j + 332 = -148. List the prime factors of j.
2, 3
Let f(l) = -l**3 - 11*l**2 + 14*l + 4. Suppose 0*b + 4*b - x + 49 = 0, -5*x - 41 = 2*b. What are the prime factors of f(b)?
2, 5
Let a = -4 + -6. Let h = a - -48. List the prime factors of h.
2, 19
Suppose -9*w + 4*w - 25 = 0. Let j = w + -3. Let l(v) = -v**2 - 11*v. List the prime factors of l(j).
2, 3
Suppose -19*w = -9*w - 1160. What are the prime factors of w?
2, 29
Suppose 3*y - 892 = -t, 4*y + 0*y + t - 1188 = 0. Suppose -10*p = -6*p - y. List the prime factors of p.
2, 37
What are the prime factors of (1485/22)/(3/6)?
3, 5
Let j(z) = -4*z**3 - 3*z**2 - 6*z - 2. Let i be (-185)/30 + 4 + 2/12. What are the prime factors of j(i)?
2, 3, 5
Let f(h) = -h**2 - h**2 - h**3 - 2*h**2 + 2*h + 5. Suppose -2*v + 4*d + 3 = -3, -v + 15 = -5*d. What are the prime factors of f(v)?
2, 5
Let q be 6/5*65/39. Suppose 106 = q*v + 2*c - 36, 71 = v + 5*c. What are the prime factors of v?
71
Suppose 5*w + 2259 = 4*a - 3*a, -4 = w. List the prime factors of a.
2239
Let z(q) = -380*q + 201. List the prime factors of z(-14).
5521
Suppose 0*c = -4*c + 4*s - 108, c = 4*s - 42. Let d = 18 + c. List the prime factors of 3 + d*(-3)/2.
3
Let t(c) = -3 + c + 6*c**2 + 6 - c**3 - 2*c - 4. Let s be t(6). What are the prime factors of (12/s)/((-6)/21)?
2, 3
Let p = 1067 + -617. Suppose -3*i + 5*o + p = 2*o, -4*o + 318 = 2*i. What are the prime factors of i?
3, 17
Suppose 8*d - 13*d + 80 = 0. Suppose 0 = -d*y + 331 + 565. What are the prime factors of y?
2, 7
Suppose 8*w + 20172 = 5*c + 4*w, -2*w - 4032 = -c. What are the prime factors of c?
2, 1009
Let x(w) = -103*w - 27. Let b be x(-5). Suppose -123 = -k - 5*v, -5*v = -5*k + 157 + b. What are the prime factors of k?
2
Let n(y) be the second derivative of y**4/12 - y**3 - 11*y + 3. Suppose 2*f - 1 = 15. What are the prime factors of n(f)?
2
Suppose -7*x + 2*x = -25. Suppose 4*j = s + 4*s - 414, -x*s + 407 = 3*j. Suppose s = -p + 3*p. What are the prime factors of p?
41
Let z = 3317 - 1600. What are the prime factors of z?
17, 101
Suppose 4*u - 74 = 2*a, 5*u = 4*a + 142 + 18. Let p be 8/(-10)*a/6. Let d(z) = 3*z + 8. List the prime factors of d(p).
2, 13
Let b = -102 - -106. Let y = 238 - 143. Suppose -f - b*f = -y. What are the prime factors of f?
19
Let x = 1403 - 823. What are the prime factors of x?
2, 5, 29
Suppose -j + 6 + 28 = 3*s, 2*s - 21 = j. List the prime factors of s.
11
Let m be 4 + (-4)/(8/2). Suppose 0 = 4*r - m*r + 6. Let h = r - -9. What are the prime factors of h?
3
Suppose -4*z + 676 = -n + 5*n, 694 = 4*n - 2*z. Suppose -2*v = -n + 10. What are the prime factors of v?
3
What are the prime factors of 2/6 + (-3 - (-5624)/12)?
2, 233
Let l(s) = s**3 - 5*s**2 + 8*s - 14. Let y = 32 + -28. Let g be l(y). Suppose 2*a + 331 = 5*p, -p + g*p - 74 = 3*a. List the prime factors of p.
5, 13
Let d = 21 - 18. Suppose 0 = d*s + 33 - 90. What are the prime factors of s?
19
What are the prime factors of (-340)/(-20)*((-522)/2)/(-3)?
3, 17, 29
Suppose 103*v - 95*v = 3288. List the prime factors of v.
3, 137
Let j be (-2)/(-4)*6*(-20)/6. List the prime factors of (-1324)/j + 24/(-60).
2, 3, 11
Let w be 2 - (4 + -8 + 0). Suppose w*m - 218 = -26. What are the prime factors of 2 + m/4 + 3?
13
Suppose 19*m - 11*m - 24 = 0. Suppose -3*n + 460 = -d, -m*n - 3*d + 214 = -266. List the prime factors of n.
5, 31
Let x(u) = -17*u + 8. Let n be x(6). Let s = n - -36. Let k = -38 - s. What are the prime factors of k?
2, 5
Suppose 5*n = s + 17162, 11*s = 4*n + 6*s - 13738. List the prime factors of n.
2, 3, 11, 13
Suppose 5*v + 190 = 4*q, -4*q - 3*v = 2*v - 210. What are the prime factors of q?
2, 5
Let o(a) = -a**3 - 2*a**2 + 2*a - 1. Let v be o(1). Let w be v/(-2 - 6/(-2)). What are the prime factors of 39 + w + 0 - 1?
2, 3
Suppose -15*l = 14*l - 899. List the prime factors of l.
31
List the prime factors of 22/33 + (-5702)/(-6).
3, 317
Suppose -3*h + 1433 = -s, s - 479 = 27*h - 28*h. List the prime factors of h.
2, 239
Let i be (3/(-2))/(-3)*0. Suppose i = -5*c, 500 = n + 3*n + 3*c. Suppose 23 = -2*o + n. List the prime factors of o.
3, 17
Let w(d) = 5*d**2 - 5*d - 2. List the prime factors of w(6).
2, 37
Let i = 9 - 4. List the prime factors of (-48)/(0 - (-2 + 12/i)).
2, 3, 5
Let n(r) = -r**3 - 11*r**2 + 10*r - 16. Let l be n(-12). Suppose -m + 5 = l. Let f(c) = -3*c**3 - 2*c**2 - c - 3. What are the prime factors of f(m)?
3, 7
Let c = -129 - -185. Suppose 2*m + c - 202 = 0. List the prime factors of m.
73
Let q be 15/(20/(-4)) - -18. What are the prime factors of 16/40 - (-939)/q?
3, 7
Suppose 3516 = 4*d - 16*c + 11*c, d - 882 = 2*c. What are the prime factors of d?
2, 19, 23
Suppose 3*a + 3 - 9 = 0. Suppose 12 = -a*i - 4*u, -2*i - 2*u + 7 = 23. Let n(z) = -z**3 - 11*z**2 - 14*z + 7. What are the prime factors of n(i)?
47
Let u(y) = -y**3 + 7*y**2 - 5*y + 9. Suppose 2*d - 19 = -7. Let n be u(d). Suppose -p + 4*r + n = 0, 4*p + p - 3*r - 75 = 0. List the prime factors of p.
3, 5
Let m(r) = r**3 + 11*r**2 + 8*r - 19. Let p be m(-10). What are the prime factors of (p - 1) + (-4 - -7 - -92)?
5, 19
Let l(g) = -g. Suppose -3*q + 25 = 2*q. Suppose j + 24 = q*f, -3*f - f + 4 = 3*j. List the prime factors of l(j).
2
Let o(l) = l**3 - 10*l**2 + 4*l - 33. Let t be o(10). Let x = -13 + 6. Let p = t - x. List the prime factors of p.
2, 7
Suppose 0 = 12*v + 314 + 166. Let k(c) = c + 7. Let x be k(-5). What are the prime factors of 4/(-5)*v/x?
2
Let w = -857 + 915. What are the prime factors of w?
2, 29
Let j(w) = -w**3 - 6*w**2 + 7*w + 10. Let h be j(-7). Let c = -8 + h. Suppose 2*b + 2*v = 60, 4*b - c*v + 7*v - 123 = 0. What are the prime factors of b?
3
Let k be 18/(-12)*(-20)/6. Suppose -4*p + 15 = -k*q, -3*q = q - 4. What are the prime factors of p?
5
Suppose 5*r + 32 - 75 = 2*y, 0 = 2*y - 2. Let k(z) = -z**2 + 9*z + 3. Let v be k(r). Suppose -v*d + 3 = x + 1, 49 = 5*x + 2*d. What are the prime factors of x?
11
Let z = -15 + 18. Let p(w) = -4*w + 2. Let f be p(z). What are the prime factors of 2/4 - 225/f?
23
Let c(w) = -w**3 + 13*w**2 - 2*w**2 - 8*w - 21 - 2*w + 37. What are the prime factors of c(9)?
2, 11
Let k = -3 + 6. Suppose 0 = 4*v + 2*u + 3*u - 1, u = k*v - 15. Suppose 0 = n - 2*s + 1, -v*n + 8 = 4*s - 9*s. List the prime factors of n.
7
Let k(x) = -6*x**2 - 8*x + 15. Let n(b) = 5*b**2 + 8*b - 14. Let h(l) = 4*k(l) + 5*n(l). What are the prime factors of h(-10)?
2, 5
Suppose 86360 = 42*c - 2*c. List the prime factors of c.
17, 127
Let z(v) = v**2 + 9*v - 22. Let p be z(-11). What are the prime factors of ((-1 - -4) + -4)*(p - 58)?
2, 29
Let x be -66*((-12)/9)/2. Let r = x + -40. What are the prime factors of r?
2
Suppose 4 - 1 = g. Let c(u) = 3*u - 4*u - g*u - 4*u - u**2 - 2. What are the prime factors of c(-7)?
5
Suppose x = 3*d + 21, -d = 3*x - 24 - 9. Suppose 2*l + 53 = 3*l + 5*q, -x = -4*q. List the prime factors of l.
2, 19
Suppose 0 = -2*y + 2*m + 6, -2*y = -5*m - 12 - 6. What are the prime factors of 2 - (-21 + y + 3)?
3, 7
Let c(i) = -580*i - 222. List the prime factors of c(-7).
2, 19, 101
Suppose -48609 = 10*r - 43*r. What are the prime factors of r?
3, 491
Suppose 7*k - 21 = -m + 3*k, 10 = -2*m + 5*k. Let v(c) = 6*c - 20. What are the prime factors of v(m)?
2, 5
Let f(o) = -o**3 + 11*o**2 - 8*o + 3. Let j = -45 + 54. List the prime factors of f(j).
3, 31
Let y = 1054 + -780. What are the prime factors of y?
2, 137
Suppose 5 = 2*h - 5*m, 0 = h - 2*m - 5. Let j be ((-42)/(-9))/(10/h). Suppose f = 12 + j. What are the prime factors of f?
19
Let j be 12/(-10) - -1 - (-9)/(-5). Let n(v) = 8*v**2 - 2*v - 1. What are the prime factors of n(j)?
5, 7
Suppose 0 = 11*p + 1030 + 1456. Let a = 445 + p. What are the prime factors of a?
3, 73
Let h(v) = 13*v**2 - 7*v - 5. Let f be h(-4). Let s = f - 91. List the prime fact